{"id":618,"date":"2017-01-24T09:14:47","date_gmt":"2017-01-24T09:14:47","guid":{"rendered":"http:\/\/www.pikeart.com\/pieni_taulukauppa\/?page_id=618"},"modified":"2025-02-02T14:53:48","modified_gmt":"2025-02-02T14:53:48","slug":"drawings-piirustuksia","status":"publish","type":"page","link":"https:\/\/www.pikeart.com\/pieni_taulukauppa\/galleria\/drawings-piirustuksia\/","title":{"rendered":"Piirustuksia &#8211; Drawings"},"content":{"rendered":"<div class=\"su-row\">\n<div class=\"su-column su-column-size-1-2\"><div class=\"su-column-inner su-u-clearfix su-u-trim\">\n<div class=\"n2_ss_slider_publish__option_code\" dir=\"ltr\" data-mode=\"id\"><\/div>\n<\/div><\/div>\n<div class=\"su-column su-column-size-1-2\"><div class=\"su-column-inner su-u-clearfix su-u-trim\">\n<div class=\"n2_ss_slider_publish__option_code\" dir=\"ltr\" data-mode=\"id\"><\/div>\n<\/div><\/div>\n<\/div>\n<h3>T\u00e4ss\u00e4 muutamia tilaust\u00f6it\u00e4:<\/h3>\n<p>&nbsp;<\/p>\n<div class=\"su-row\">\n<div class=\"su-column su-column-size-1-3\"><div class=\"su-column-inner su-u-clearfix su-u-trim\">\n<figure id=\"attachment_1210\" aria-describedby=\"caption-attachment-1210\" style=\"width: 300px\" class=\"wp-caption aligncenter\"><a href=\"http:\/\/www.pikeart.com\/pieni_taulukauppa\/wp-content\/uploads\/2017\/11\/pikeart_soor.jpg\" data-rel=\"lightbox-gallery-whn1AGGj\" data-rl_title=\"S\u00f6\u00f6r, 2017. (tilausty\u00f6)\" data-rl_caption=\"\" title=\"S\u00f6\u00f6r, 2017. (tilausty\u00f6)\"><img loading=\"lazy\" decoding=\"async\" class=\"size-medium wp-image-1210\" src=\"http:\/\/www.pikeart.com\/pieni_taulukauppa\/wp-content\/uploads\/2017\/11\/pikeart_soor-300x300.jpg\" alt=\"\" width=\"300\" height=\"300\" srcset=\"https:\/\/www.pikeart.com\/pieni_taulukauppa\/wp-content\/uploads\/2017\/11\/pikeart_soor-300x300.jpg 300w, https:\/\/www.pikeart.com\/pieni_taulukauppa\/wp-content\/uploads\/2017\/11\/pikeart_soor-324x324.jpg 324w, https:\/\/www.pikeart.com\/pieni_taulukauppa\/wp-content\/uploads\/2017\/11\/pikeart_soor-100x100.jpg 100w, https:\/\/www.pikeart.com\/pieni_taulukauppa\/wp-content\/uploads\/2017\/11\/pikeart_soor-416x415.jpg 416w, https:\/\/www.pikeart.com\/pieni_taulukauppa\/wp-content\/uploads\/2017\/11\/pikeart_soor-150x150.jpg 150w, https:\/\/www.pikeart.com\/pieni_taulukauppa\/wp-content\/uploads\/2017\/11\/pikeart_soor.jpg 602w\" sizes=\"auto, (max-width: 300px) 100vw, 300px\" \/><\/a><figcaption id=\"caption-attachment-1210\" class=\"wp-caption-text\">S\u00f6\u00f6r, 2017. (tilausty\u00f6)<\/figcaption><\/figure>\n<\/div><\/div>\n<div class=\"su-column su-column-size-1-3\"><div class=\"su-column-inner su-u-clearfix su-u-trim\">\n<figure id=\"attachment_1209\" aria-describedby=\"caption-attachment-1209\" style=\"width: 300px\" class=\"wp-caption aligncenter\"><a href=\"http:\/\/www.pikeart.com\/pieni_taulukauppa\/wp-content\/uploads\/2017\/11\/pikeart_patsi.jpg\" data-rel=\"lightbox-gallery-whn1AGGj\" data-rl_title=\"P\u00e4tsi, 2017. (tilausty\u00f6)\" data-rl_caption=\"\" title=\"P\u00e4tsi, 2017. (tilausty\u00f6)\"><img loading=\"lazy\" decoding=\"async\" class=\"size-medium wp-image-1209\" src=\"http:\/\/www.pikeart.com\/pieni_taulukauppa\/wp-content\/uploads\/2017\/11\/pikeart_patsi-300x297.jpg\" alt=\"\" width=\"300\" height=\"297\" srcset=\"https:\/\/www.pikeart.com\/pieni_taulukauppa\/wp-content\/uploads\/2017\/11\/pikeart_patsi-300x297.jpg 300w, https:\/\/www.pikeart.com\/pieni_taulukauppa\/wp-content\/uploads\/2017\/11\/pikeart_patsi-100x100.jpg 100w, https:\/\/www.pikeart.com\/pieni_taulukauppa\/wp-content\/uploads\/2017\/11\/pikeart_patsi-416x411.jpg 416w, https:\/\/www.pikeart.com\/pieni_taulukauppa\/wp-content\/uploads\/2017\/11\/pikeart_patsi-150x150.jpg 150w, https:\/\/www.pikeart.com\/pieni_taulukauppa\/wp-content\/uploads\/2017\/11\/pikeart_patsi.jpg 600w\" sizes=\"auto, (max-width: 300px) 100vw, 300px\" \/><\/a><figcaption id=\"caption-attachment-1209\" class=\"wp-caption-text\">P\u00e4tsi, 2017. (tilausty\u00f6)<\/figcaption><\/figure>\n<\/div><\/div>\n<div class=\"su-column su-column-size-1-3\"><div class=\"su-column-inner su-u-clearfix su-u-trim\">\n<figure id=\"attachment_1208\" aria-describedby=\"caption-attachment-1208\" style=\"width: 300px\" class=\"wp-caption aligncenter\"><a href=\"http:\/\/www.pikeart.com\/pieni_taulukauppa\/wp-content\/uploads\/2017\/11\/pikeart_manu.jpg\" data-rel=\"lightbox-gallery-whn1AGGj\" data-rl_title=\"Manu - tilausty\u00f6\" data-rl_caption=\"\" title=\"Manu - tilausty\u00f6\"><img loading=\"lazy\" decoding=\"async\" class=\"wp-image-1208 size-medium\" src=\"http:\/\/www.pikeart.com\/pieni_taulukauppa\/wp-content\/uploads\/2017\/11\/pikeart_manu-300x300.jpg\" alt=\"\" width=\"300\" height=\"300\" srcset=\"https:\/\/www.pikeart.com\/pieni_taulukauppa\/wp-content\/uploads\/2017\/11\/pikeart_manu-300x300.jpg 300w, https:\/\/www.pikeart.com\/pieni_taulukauppa\/wp-content\/uploads\/2017\/11\/pikeart_manu-324x324.jpg 324w, https:\/\/www.pikeart.com\/pieni_taulukauppa\/wp-content\/uploads\/2017\/11\/pikeart_manu-100x100.jpg 100w, https:\/\/www.pikeart.com\/pieni_taulukauppa\/wp-content\/uploads\/2017\/11\/pikeart_manu-416x417.jpg 416w, https:\/\/www.pikeart.com\/pieni_taulukauppa\/wp-content\/uploads\/2017\/11\/pikeart_manu-150x150.jpg 150w, https:\/\/www.pikeart.com\/pieni_taulukauppa\/wp-content\/uploads\/2017\/11\/pikeart_manu.jpg 600w\" sizes=\"auto, (max-width: 300px) 100vw, 300px\" \/><\/a><figcaption id=\"caption-attachment-1208\" class=\"wp-caption-text\">Manu, 2017. (tilausty\u00f6)<\/figcaption><\/figure>\n<\/div><\/div>\n<\/div>\n<h3>&#8230; Ja omia kissoja<\/h3>\n<p><\/br><br \/>\n<div class=\"su-row\">\n<div class=\"su-column su-column-size-1-3\"><div class=\"su-column-inner su-u-clearfix su-u-trim\">\n<figure id=\"attachment_606\" aria-describedby=\"caption-attachment-606\" style=\"width: 278px\" class=\"wp-caption aligncenter\"><a href=\"https:\/\/www.pikeart.com\/pieni_taulukauppa\/wp-content\/uploads\/2017\/01\/pikeart_herra_huuc17-e1485248908423.jpg\" data-rel=\"lightbox-gallery-whn1AGGj\" data-rl_title=\"Mr. Huu - Herra Huu\" data-rl_caption=\"\" title=\"Mr. Huu - Herra Huu\"><img loading=\"lazy\" decoding=\"async\" class=\"size-medium wp-image-606\" src=\"https:\/\/www.pikeart.com\/pieni_taulukauppa\/wp-content\/uploads\/2017\/01\/pikeart_herra_huuc17-278x300.jpg\" alt=\"\" width=\"278\" height=\"300\" \/><\/a><figcaption id=\"caption-attachment-606\" class=\"wp-caption-text\">Mr. Huu &#8211; Herra Huu<\/figcaption><\/figure>\n<\/div><\/div>\n<div class=\"su-column su-column-size-1-3\"><div class=\"su-column-inner su-u-clearfix su-u-trim\">\n<figure id=\"attachment_607\" aria-describedby=\"caption-attachment-607\" style=\"width: 300px\" class=\"wp-caption aligncenter\"><a href=\"https:\/\/www.pikeart.com\/pieni_taulukauppa\/wp-content\/uploads\/2017\/01\/pikeart_iam_watching_uc17-e1485248886197.jpg\" data-rel=\"lightbox-gallery-whn1AGGj\" data-rl_title=\"I am watching U, 2016.\" data-rl_caption=\"\" title=\"I am watching U, 2016.\"><img loading=\"lazy\" decoding=\"async\" class=\"size-medium wp-image-607\" src=\"https:\/\/www.pikeart.com\/pieni_taulukauppa\/wp-content\/uploads\/2017\/01\/pikeart_iam_watching_uc17-300x300.jpg\" alt=\"\" width=\"300\" height=\"300\" \/><\/a><figcaption id=\"caption-attachment-607\" class=\"wp-caption-text\">I am watching U, 2016.<\/figcaption><\/figure>\n<\/div><\/div>\n<div class=\"su-column su-column-size-1-3\"><div class=\"su-column-inner su-u-clearfix su-u-trim\">\n<figure id=\"attachment_615\" aria-describedby=\"caption-attachment-615\" style=\"width: 234px\" class=\"wp-caption aligncenter\"><a href=\"https:\/\/www.pikeart.com\/pieni_taulukauppa\/wp-content\/uploads\/2017\/01\/pikeart_tihruc17-e1485248778113.jpg\" data-rel=\"lightbox-gallery-whn1AGGj\" data-rl_title=\"Tihru, 2016.\" data-rl_caption=\"\" title=\"Tihru, 2016.\"><img loading=\"lazy\" decoding=\"async\" class=\"size-medium wp-image-615\" src=\"https:\/\/www.pikeart.com\/pieni_taulukauppa\/wp-content\/uploads\/2017\/01\/pikeart_tihruc17-234x300.jpg\" alt=\"\" width=\"234\" height=\"300\" \/><\/a><figcaption id=\"caption-attachment-615\" class=\"wp-caption-text\">Tihru, 2016.<\/figcaption><\/figure>\n<p>&nbsp;<\/p>\n<\/div><\/div>\n<\/div>\n<div class=\"su-row\">\n<div class=\"su-column su-column-size-1-3\"><div class=\"su-column-inner su-u-clearfix su-u-trim\">\n<figure id=\"attachment_605\" aria-describedby=\"caption-attachment-605\" style=\"width: 275px\" class=\"wp-caption aligncenter\"><a href=\"https:\/\/www.pikeart.com\/pieni_taulukauppa\/wp-content\/uploads\/2017\/01\/pikeart_fioc17.jpg\" data-rel=\"lightbox-gallery-whn1AGGj\" data-rl_title=\"Fio, 2016.\" data-rl_caption=\"\" title=\"Fio, 2016.\"><img loading=\"lazy\" decoding=\"async\" class=\"size-medium wp-image-605\" src=\"https:\/\/www.pikeart.com\/pieni_taulukauppa\/wp-content\/uploads\/2017\/01\/pikeart_fioc17-275x300.jpg\" alt=\"\" width=\"275\" height=\"300\" srcset=\"https:\/\/www.pikeart.com\/pieni_taulukauppa\/wp-content\/uploads\/2017\/01\/pikeart_fioc17-275x300.jpg 275w, https:\/\/www.pikeart.com\/pieni_taulukauppa\/wp-content\/uploads\/2017\/01\/pikeart_fioc17-416x454.jpg 416w, https:\/\/www.pikeart.com\/pieni_taulukauppa\/wp-content\/uploads\/2017\/01\/pikeart_fioc17.jpg 521w\" sizes=\"auto, (max-width: 275px) 100vw, 275px\" \/><\/a><figcaption id=\"caption-attachment-605\" class=\"wp-caption-text\">Fio, 2016.<\/figcaption><\/figure>\n<\/div><\/div>\n<div class=\"su-column su-column-size-1-3\"><div class=\"su-column-inner su-u-clearfix su-u-trim\">\n<figure id=\"attachment_612\" aria-describedby=\"caption-attachment-612\" style=\"width: 197px\" class=\"wp-caption aligncenter\"><a href=\"https:\/\/www.pikeart.com\/pieni_taulukauppa\/wp-content\/uploads\/2017\/01\/pikeart_me_and_my_little_sisterc17.jpg\" data-rel=\"lightbox-gallery-whn1AGGj\" data-rl_title=\"Me and my little sister, 2016\" data-rl_caption=\"\" title=\"Me and my little sister, 2016\"><img loading=\"lazy\" decoding=\"async\" class=\"size-medium wp-image-612\" src=\"https:\/\/www.pikeart.com\/pieni_taulukauppa\/wp-content\/uploads\/2017\/01\/pikeart_me_and_my_little_sisterc17-197x300.jpg\" alt=\"\" width=\"197\" height=\"300\" srcset=\"https:\/\/www.pikeart.com\/pieni_taulukauppa\/wp-content\/uploads\/2017\/01\/pikeart_me_and_my_little_sisterc17-197x300.jpg 197w, https:\/\/www.pikeart.com\/pieni_taulukauppa\/wp-content\/uploads\/2017\/01\/pikeart_me_and_my_little_sisterc17.jpg 328w\" sizes=\"auto, (max-width: 197px) 100vw, 197px\" \/><\/a><figcaption id=\"caption-attachment-612\" class=\"wp-caption-text\">Me and my little sister, 2016<\/figcaption><\/figure>\n<\/div><\/div>\n<div class=\"su-column su-column-size-1-3\"><div class=\"su-column-inner su-u-clearfix su-u-trim\">\n<figure id=\"attachment_613\" aria-describedby=\"caption-attachment-613\" style=\"width: 227px\" class=\"wp-caption aligncenter\"><a href=\"https:\/\/www.pikeart.com\/pieni_taulukauppa\/wp-content\/uploads\/2017\/01\/pikeart_skirppanc17-e1485248810735.jpg\" data-rel=\"lightbox-gallery-whn1AGGj\" data-rl_title=\"Fiia, 2016.\" data-rl_caption=\"\" title=\"Fiia, 2016.\"><img loading=\"lazy\" decoding=\"async\" class=\"size-medium wp-image-613\" src=\"https:\/\/www.pikeart.com\/pieni_taulukauppa\/wp-content\/uploads\/2017\/01\/pikeart_skirppanc17-227x300.jpg\" alt=\"\" width=\"227\" height=\"300\" \/><\/a><figcaption id=\"caption-attachment-613\" class=\"wp-caption-text\">Fiia, 2016.<\/figcaption><\/figure>\n<\/div><\/div>\n<\/div>\n<div class=\"su-row\">\n<div class=\"su-column su-column-size-1-3\"><div class=\"su-column-inner su-u-clearfix su-u-trim\">\n<figure id=\"attachment_698\" aria-describedby=\"caption-attachment-698\" style=\"width: 265px\" class=\"wp-caption aligncenter\"><a href=\"https:\/\/www.pikeart.com\/pieni_taulukauppa\/wp-content\/uploads\/2017\/01\/pikeart_jalo.jpg\" data-rel=\"lightbox-gallery-whn1AGGj\" data-rl_title=\"Jalo, 2017.\" data-rl_caption=\"\" title=\"Jalo, 2017.\"><img loading=\"lazy\" decoding=\"async\" class=\"size-medium wp-image-698\" src=\"https:\/\/www.pikeart.com\/pieni_taulukauppa\/wp-content\/uploads\/2017\/01\/pikeart_jalo-265x300.jpg\" alt=\"\" width=\"265\" height=\"300\" srcset=\"https:\/\/www.pikeart.com\/pieni_taulukauppa\/wp-content\/uploads\/2017\/01\/pikeart_jalo-265x300.jpg 265w, https:\/\/www.pikeart.com\/pieni_taulukauppa\/wp-content\/uploads\/2017\/01\/pikeart_jalo-416x470.jpg 416w, https:\/\/www.pikeart.com\/pieni_taulukauppa\/wp-content\/uploads\/2017\/01\/pikeart_jalo.jpg 575w\" sizes=\"auto, (max-width: 265px) 100vw, 265px\" \/><\/a><figcaption id=\"caption-attachment-698\" class=\"wp-caption-text\">Jalo, 2017.<\/figcaption><\/figure>\n<\/div><\/div>\n<div class=\"su-column su-column-size-1-3\"><div class=\"su-column-inner su-u-clearfix su-u-trim\">\n<figure id=\"attachment_677\" aria-describedby=\"caption-attachment-677\" style=\"width: 300px\" class=\"wp-caption aligncenter\"><a href=\"https:\/\/www.pikeart.com\/pieni_taulukauppa\/wp-content\/uploads\/2017\/01\/pikeart_julia.jpg\" data-rel=\"lightbox-gallery-whn1AGGj\" data-rl_title=\"Julia, 2017.\" data-rl_caption=\"\" title=\"Julia, 2017.\"><img loading=\"lazy\" decoding=\"async\" class=\"size-medium wp-image-677\" src=\"https:\/\/www.pikeart.com\/pieni_taulukauppa\/wp-content\/uploads\/2017\/01\/pikeart_julia-300x277.jpg\" alt=\"\" width=\"300\" height=\"277\" srcset=\"https:\/\/www.pikeart.com\/pieni_taulukauppa\/wp-content\/uploads\/2017\/01\/pikeart_julia-300x277.jpg 300w, https:\/\/www.pikeart.com\/pieni_taulukauppa\/wp-content\/uploads\/2017\/01\/pikeart_julia-416x384.jpg 416w, https:\/\/www.pikeart.com\/pieni_taulukauppa\/wp-content\/uploads\/2017\/01\/pikeart_julia.jpg 650w\" sizes=\"auto, (max-width: 300px) 100vw, 300px\" \/><\/a><figcaption id=\"caption-attachment-677\" class=\"wp-caption-text\">Julia, 2017.<\/figcaption><\/figure>\n<\/div><\/div>\n<div class=\"su-column su-column-size-1-3\"><div class=\"su-column-inner su-u-clearfix su-u-trim\">\n<figure id=\"attachment_711\" aria-describedby=\"caption-attachment-711\" style=\"width: 263px\" class=\"wp-caption aligncenter\"><a href=\"https:\/\/www.pikeart.com\/pieni_taulukauppa\/wp-content\/uploads\/2017\/01\/pikeart_jade.jpg\" data-rel=\"lightbox-gallery-whn1AGGj\" data-rl_title=\"Jade, 2017.\" data-rl_caption=\"\" title=\"Jade, 2017.\"><img loading=\"lazy\" decoding=\"async\" class=\"size-medium wp-image-711\" src=\"https:\/\/www.pikeart.com\/pieni_taulukauppa\/wp-content\/uploads\/2017\/01\/pikeart_jade-263x300.jpg\" alt=\"\" width=\"263\" height=\"300\" srcset=\"https:\/\/www.pikeart.com\/pieni_taulukauppa\/wp-content\/uploads\/2017\/01\/pikeart_jade-263x300.jpg 263w, https:\/\/www.pikeart.com\/pieni_taulukauppa\/wp-content\/uploads\/2017\/01\/pikeart_jade-416x475.jpg 416w, https:\/\/www.pikeart.com\/pieni_taulukauppa\/wp-content\/uploads\/2017\/01\/pikeart_jade.jpg 569w\" sizes=\"auto, (max-width: 263px) 100vw, 263px\" \/><\/a><figcaption id=\"caption-attachment-711\" class=\"wp-caption-text\">Jade, 2017.<\/figcaption><\/figure>\n<\/div><\/div>\n<\/div>\n<p>&nbsp;<\/p>\n<p><span style=\"border-radius: 2px; text-indent: 20px; width: auto; padding: 0px 4px 0px 0px; text-align: center; font: bold 11px\/20px 'Helvetica Neue',Helvetica,sans-serif; color: #ffffff; background: #bd081c no-repeat scroll 3px 50% \/ 14px 14px; position: absolute; opacity: 1; z-index: 8675309; display: none; cursor: pointer; top: 20px; left: 571px;\">Tallenna<\/span><\/p>\n<p><span style=\"border-radius: 2px; text-indent: 20px; width: auto; padding: 0px 4px 0px 0px; text-align: center; font: bold 11px\/20px 'Helvetica Neue',Helvetica,sans-serif; color: #ffffff; background: #bd081c no-repeat scroll 3px 50% \/ 14px 14px; position: absolute; opacity: 1; z-index: 8675309; display: none; cursor: pointer; top: 20px; left: 571px;\">Tallenna<\/span><\/p>\n<p><span style=\"border-radius: 2px; text-indent: 20px; width: auto; padding: 0px 4px 0px 0px; text-align: center; font: bold 11px\/20px 'Helvetica Neue',Helvetica,sans-serif; color: #ffffff; background: #bd081c no-repeat scroll 3px 50% \/ 14px 14px; position: absolute; opacity: 1; z-index: 8675309; display: none; cursor: pointer; top: 20px; left: 571px;\">Tallenna<\/span><\/p>\n<p><span style=\"border-radius: 2px; text-indent: 20px; width: auto; padding: 0px 4px 0px 0px; text-align: center; font: bold 11px\/20px 'Helvetica Neue',Helvetica,sans-serif; color: #ffffff; background: #bd081c no-repeat scroll 3px 50% \/ 14px 14px; position: absolute; opacity: 1; z-index: 8675309; display: none; cursor: pointer; top: 20px; left: 571px;\">Tallenna<\/span><\/p>\n<p><span style=\"border-radius: 2px; text-indent: 20px; width: auto; padding: 0px 4px 0px 0px; text-align: center; font: bold 11px\/20px 'Helvetica Neue',Helvetica,sans-serif; color: #ffffff; background: #bd081c no-repeat scroll 3px 50% \/ 14px 14px; position: absolute; opacity: 1; z-index: 8675309; display: none; cursor: pointer; top: 20px; left: 571px;\">Tallenna<\/span><\/p>\n<p><span style=\"border-radius: 2px; text-indent: 20px; width: auto; padding: 0px 4px 0px 0px; text-align: center; font: bold 11px\/20px 'Helvetica Neue',Helvetica,sans-serif; color: #ffffff; background: #bd081c no-repeat scroll 3px 50% \/ 14px 14px; position: absolute; opacity: 1; z-index: 8675309; display: none; cursor: pointer; top: 20px; left: 571px;\">Tallenna<\/span><\/p>\n<p><span style=\"border-radius: 2px; text-indent: 20px; width: auto; padding: 0px 4px 0px 0px; text-align: center; font: bold 11px\/20px 'Helvetica Neue',Helvetica,sans-serif; color: #ffffff; background: #bd081c no-repeat scroll 3px 50% \/ 14px 14px; position: absolute; opacity: 1; z-index: 8675309; display: none; cursor: pointer; top: 116px; left: 571px;\">Tallenna<\/span><\/p>\n<p><span style=\"border-radius: 2px; text-indent: 20px; width: auto; padding: 0px 4px 0px 0px; text-align: center; font: bold 11px\/20px 'Helvetica Neue',Helvetica,sans-serif; color: #ffffff; background: #bd081c no-repeat scroll 3px 50% \/ 14px 14px; position: absolute; opacity: 1; z-index: 8675309; display: none; cursor: pointer; top: 2228px; left: 577px;\">Tallenna<\/span><\/p>\n<p><span style=\"border-radius: 2px; text-indent: 20px; width: auto; padding: 0px 4px 0px 0px; text-align: center; font: bold 11px\/20px 'Helvetica Neue',Helvetica,sans-serif; color: #ffffff; background: #bd081c no-repeat scroll 3px 50% \/ 14px 14px; position: absolute; opacity: 1; z-index: 8675309; display: none; cursor: pointer; top: 3921px; left: 560px;\">Tallenna<\/span><\/p>\n<p><span style=\"border-radius: 2px; text-indent: 20px; width: auto; padding: 0px 4px 0px 0px; text-align: center; font: bold 11px\/20px 'Helvetica Neue',Helvetica,sans-serif; color: #ffffff; background: #bd081c no-repeat scroll 3px 50% \/ 14px 14px; position: absolute; opacity: 1; z-index: 8675309; display: none; cursor: pointer; top: 1210px; left: 593px;\">Tallenna<\/span><\/p>\n<p><span style=\"border-radius: 2px; text-indent: 20px; width: auto; padding: 0px 4px 0px 0px; text-align: center; font: bold 11px\/20px 'Helvetica Neue',Helvetica,sans-serif; color: #ffffff; background: #bd081c no-repeat scroll 3px 50% \/ 14px 14px; position: absolute; opacity: 1; z-index: 8675309; display: none; cursor: pointer;\">Tallenna<\/span><\/p>\n<p><span style=\"border-radius: 2px; text-indent: 20px; width: auto; padding: 0px 4px 0px 0px; text-align: center; font: bold 11px\/20px 'Helvetica Neue',Helvetica,sans-serif; color: #ffffff; background: #bd081c no-repeat scroll 3px 50% \/ 14px 14px; position: absolute; opacity: 1; z-index: 8675309; display: none; cursor: pointer; top: 426px; left: 570px;\">Tallenna<\/span><\/p>\n<p><span style=\"border-radius: 2px; text-indent: 20px; width: auto; padding: 0px 4px 0px 0px; text-align: center; font: bold 11px\/20px 'Helvetica Neue',Helvetica,sans-serif; color: #ffffff; background: #bd081c no-repeat scroll 3px 50% \/ 14px 14px; position: absolute; opacity: 1; z-index: 8675309; display: none; cursor: pointer; top: 426px; left: 570px;\">Tallenna<\/span><\/p>\n<p><span style=\"border-radius: 2px; text-indent: 20px; width: auto; padding: 0px 4px 0px 0px; text-align: center; font: bold 11px\/20px 'Helvetica Neue',Helvetica,sans-serif; color: #ffffff; background: #bd081c no-repeat scroll 3px 50% \/ 14px 14px; position: absolute; opacity: 1; z-index: 8675309; display: none; cursor: pointer;\">Tallenna<\/span><\/p>\n<p><span style=\"border-radius: 2px; text-indent: 20px; width: auto; padding: 0px 4px 0px 0px; text-align: center; font: bold 11px\/20px 'Helvetica Neue',Helvetica,sans-serif; color: #ffffff; background: #bd081c no-repeat scroll 3px 50% \/ 14px 14px; position: absolute; opacity: 1; z-index: 8675309; display: none; cursor: pointer;\">Tallenna<\/span><\/p>\n<p><span style=\"border-radius: 2px; text-indent: 20px; width: auto; padding: 0px 4px 0px 0px; text-align: center; font: bold 11px\/20px 'Helvetica Neue',Helvetica,sans-serif; color: #ffffff; background: #bd081c no-repeat scroll 3px 50% \/ 14px 14px; position: absolute; opacity: 1; z-index: 8675309; display: none; cursor: pointer; top: 20px; left: 206px;\">Tallenna<\/span><\/p>\n<p><span style=\"border-radius: 2px; text-indent: 20px; width: auto; padding: 0px 4px 0px 0px; text-align: center; font: bold 11px\/20px 'Helvetica Neue',Helvetica,sans-serif; color: #ffffff; background: #bd081c no-repeat scroll 3px 50% \/ 14px 14px; position: absolute; opacity: 1; z-index: 8675309; display: none; cursor: pointer; top: 116px; left: 560px;\">Tallenna<\/span><\/p>\n<p><span style=\"border-radius: 2px; text-indent: 20px; width: auto; padding: 0px 4px 0px 0px; text-align: center; font: bold 11px\/20px 'Helvetica Neue',Helvetica,sans-serif; color: #ffffff; background: #bd081c no-repeat scroll 3px 50% \/ 14px 14px; position: absolute; opacity: 1; z-index: 8675309; display: none; cursor: pointer; top: 326px; left: 560px;\">Tallenna<\/span><\/p>\n<p><span style=\"border-radius: 2px; text-indent: 20px; width: auto; padding: 0px 4px 0px 0px; text-align: center; font: bold 11px\/20px 'Helvetica Neue',Helvetica,sans-serif; color: #ffffff; background: #bd081c no-repeat scroll 3px 50% \/ 14px 14px; position: absolute; opacity: 1; z-index: 8675309; display: none; cursor: pointer; top: 1755px; left: 571px;\">Tallenna<\/span><\/p>\n<p><span style=\"border-radius: 2px; text-indent: 20px; width: auto; padding: 0px 4px 0px 0px; text-align: center; font: bold 11px\/20px 'Helvetica Neue',Helvetica,sans-serif; color: #ffffff; background: #bd081c no-repeat scroll 3px 50% \/ 14px 14px; position: absolute; opacity: 1; z-index: 8675309; display: none; cursor: pointer; top: 124px; left: 582px;\">Tallenna<\/span><\/p>\n<p><span style=\"border-radius: 2px; text-indent: 20px; width: auto; padding: 0px 4px 0px 0px; text-align: center; font: bold 11px\/20px 'Helvetica Neue',Helvetica,sans-serif; color: #ffffff; background: #bd081c no-repeat scroll 3px 50% \/ 14px 14px; position: absolute; opacity: 1; z-index: 8675309; display: none; cursor: pointer; top: 164px; left: 582px;\">Tallenna<\/span><\/p>\n<p><span style=\"border-radius: 2px; text-indent: 20px; width: auto; padding: 0px 4px 0px 0px; text-align: center; font: bold 11px\/20px 'Helvetica Neue',Helvetica,sans-serif; color: #ffffff; background: #bd081c no-repeat scroll 3px 50% \/ 14px 14px; position: absolute; opacity: 1; z-index: 8675309; display: none; cursor: pointer; top: 572px; left: 577px;\">Tallenna<\/span><\/p>\n<p><span style=\"border-radius: 2px; text-indent: 20px; width: auto; padding: 0px 4px 0px 0px; text-align: center; font: bold 11px\/20px 'Helvetica Neue',Helvetica,sans-serif; color: #ffffff; background: #bd081c no-repeat scroll 3px 50% \/ 14px 14px; position: absolute; opacity: 1; z-index: 8675309; display: none; cursor: pointer; top: 2859px; left: 596px;\">Tallenna<\/span><\/p>\n","protected":false},"excerpt":{"rendered":"<p>T\u00e4ss\u00e4 muutamia tilaust\u00f6it\u00e4: &nbsp; &#8230; Ja omia kissoja &nbsp; Tallenna Tallenna Tallenna Tallenna Tallenna Tallenna Tallenna Tallenna Tallenna Tallenna Tallenna Tallenna Tallenna Tallenna Tallenna Tallenna Tallenna Tallenna Tallenna Tallenna Tallenna Tallenna Tallenna<\/p>\n","protected":false},"author":1,"featured_media":0,"parent":300,"menu_order":2,"comment_status":"closed","ping_status":"closed","template":"","meta":{"neve_meta_sidebar":"","neve_meta_container":"","neve_meta_enable_content_width":"off","neve_meta_content_width":100,"neve_meta_title_alignment":"","neve_meta_author_avatar":"","neve_post_elements_order":"","neve_meta_disable_header":"","neve_meta_disable_footer":"","neve_meta_disable_title":"","neve_meta_reading_time":"","footnotes":""},"class_list":["post-618","page","type-page","status-publish","hentry"],"_links":{"self":[{"href":"https:\/\/www.pikeart.com\/pieni_taulukauppa\/wp-json\/wp\/v2\/pages\/618","targetHints":{"allow":["GET"]}}],"collection":[{"href":"https:\/\/www.pikeart.com\/pieni_taulukauppa\/wp-json\/wp\/v2\/pages"}],"about":[{"href":"https:\/\/www.pikeart.com\/pieni_taulukauppa\/wp-json\/wp\/v2\/types\/page"}],"author":[{"embeddable":true,"href":"https:\/\/www.pikeart.com\/pieni_taulukauppa\/wp-json\/wp\/v2\/users\/1"}],"replies":[{"embeddable":true,"href":"https:\/\/www.pikeart.com\/pieni_taulukauppa\/wp-json\/wp\/v2\/comments?post=618"}],"version-history":[{"count":44,"href":"https:\/\/www.pikeart.com\/pieni_taulukauppa\/wp-json\/wp\/v2\/pages\/618\/revisions"}],"predecessor-version":[{"id":2862,"href":"https:\/\/www.pikeart.com\/pieni_taulukauppa\/wp-json\/wp\/v2\/pages\/618\/revisions\/2862"}],"up":[{"embeddable":true,"href":"https:\/\/www.pikeart.com\/pieni_taulukauppa\/wp-json\/wp\/v2\/pages\/300"}],"wp:attachment":[{"href":"https:\/\/www.pikeart.com\/pieni_taulukauppa\/wp-json\/wp\/v2\/media?parent=618"}],"curies":[{"name":"wp","href":"https:\/\/api.w.org\/{rel}","templated":true}]}}