{"id":2,"date":"2016-09-27T19:40:21","date_gmt":"2016-09-27T19:40:21","guid":{"rendered":"http:\/\/www.pikeart.com\/pieni_taulukauppa\/?page_id=2"},"modified":"2024-11-19T19:10:40","modified_gmt":"2024-11-19T19:10:40","slug":"about","status":"publish","type":"page","link":"https:\/\/www.pikeart.com\/pieni_taulukauppa\/about\/","title":{"rendered":"Taide kannattaa aina"},"content":{"rendered":"<p style=\"text-align: left;\">Tervetuloa kotisivuilleni. Olen ammatiltani taidemaalari ja yritt\u00e4j\u00e4. Ty\u00f6skentelen p\u00e4\u00e4asiallisesti \u00f6ljyv\u00e4reill\u00e4, mutta maalaamisen lis\u00e4ksi my\u00f6s lyijykyn\u00e4 on minulle mieluinen v\u00e4line. Piirt\u00e4minen on oma kiehtova maailmansa ja yrit\u00e4n mahdollisuuksien mukaan l\u00f6yt\u00e4\u00e4 aikaa my\u00f6s sille.<\/p>\n<p style=\"text-align: left;\">El\u00e4imet, erityisesti linnut siipineen ovat oman tiens\u00e4 kulkijoina olleet minulle merkityksellisi\u00e4 ikoneja, jonkinlaisia rajattoman vapauden symboleja jo kauan. My\u00f6s kauriita olen maalannut paljon ja niist\u00e4 on tullut hauraudestaan huolimatta jonkinlaisia henkisi\u00e4 voimael\u00e4imi\u00e4.<\/p>\n<p style=\"text-align: left;\">Taidemaalarina minua inspiroi hienovarainen dialogi abstraktin ja esitt\u00e4v\u00e4n v\u00e4lill\u00e4. Koen, ett\u00e4 maalatessani esitt\u00e4v\u00e4\u00e4 kuvaa, suurin haaste on p\u00e4\u00e4st\u00e4 irti kuvasta kadottamatta kuvaa.\u00a0 Mielest\u00e4ni t\u00e4m\u00e4 v\u00e4limaasto on mielenkintoinen. Mik\u00e4 on oleellista kuvassa? Mitk\u00e4 ovat ne elementit, joista kuva syntyy tai k\u00e4\u00e4nt\u00e4en, mit\u00e4 ilman se ei ole olemassa? Kuinka paljon kuvaa voi pelkist\u00e4\u00e4, ilman ett\u00e4 jotain oleellista menetet\u00e4\u00e4n? Usein maalauksessa pelkk\u00e4 silmien katse riitt\u00e4\u00e4 kertomaan kokonaisen tarinan.<\/p>\n<p style=\"text-align: left;\">Tavoitat minut s\u00e4hk\u00f6postitse info(at)pikeart.com.<\/p>\n<p>Ollaan yhteyksiss\u00e4,<\/p>\n<p>-Pike<\/p>\n<p><a href=\"https:\/\/www.pikeart.com\/pieni_taulukauppa\/wp-content\/uploads\/2016\/09\/pike_kuva.jpg\" data-rel=\"lightbox-gallery-3o8wocDi\" data-rl_title=\"\" data-rl_caption=\"\" title=\"\"><img loading=\"lazy\" decoding=\"async\" class=\"alignnone wp-image-73 size-full\" src=\"https:\/\/www.pikeart.com\/pieni_taulukauppa\/wp-content\/uploads\/2016\/09\/pike_kuva.jpg\" alt=\"\" width=\"169\" height=\"200\" \/><\/a><\/p>\n<p>&nbsp;<\/p>\n<p>&nbsp;<\/p>\n<p><span style=\"border-radius: 2px; text-indent: 20px; width: auto; padding: 0px 4px 0px 0px; text-align: center; font: bold 11px\/20px 'Helvetica Neue',Helvetica,sans-serif; color: #ffffff; background: #bd081c no-repeat scroll 3px 50% \/ 14px 14px; position: absolute; opacity: 1; z-index: 8675309; display: none; cursor: pointer;\">Tallenna<\/span><\/p>\n<p><span style=\"border-radius: 2px; text-indent: 20px; width: auto; padding: 0px 4px 0px 0px; text-align: center; font: bold 11px\/20px 'Helvetica Neue',Helvetica,sans-serif; color: #ffffff; background: #bd081c no-repeat scroll 3px 50% \/ 14px 14px; position: absolute; opacity: 1; z-index: 8675309; display: none; cursor: pointer;\">Tallenna<\/span><\/p>\n<p><span style=\"border-radius: 2px; text-indent: 20px; width: auto; padding: 0px 4px 0px 0px; text-align: center; font: bold 11px\/20px 'Helvetica Neue',Helvetica,sans-serif; color: #ffffff; background: #bd081c no-repeat scroll 3px 50% \/ 14px 14px; position: absolute; opacity: 1; z-index: 8675309; display: none; cursor: pointer; top: 380px; left: 220px;\">Tallenna<\/span><\/p>\n<p><span style=\"border-radius: 2px; text-indent: 20px; width: auto; padding: 0px 4px 0px 0px; text-align: center; font: bold 11px\/20px 'Helvetica Neue',Helvetica,sans-serif; color: #ffffff; background: #bd081c no-repeat scroll 3px 50% \/ 14px 14px; position: absolute; opacity: 1; z-index: 8675309; display: none; cursor: pointer;\">Tallenna<\/span><\/p>\n<p><span style=\"border-radius: 2px; text-indent: 20px; width: auto; padding: 0px 4px 0px 0px; text-align: center; font: bold 11px\/20px 'Helvetica Neue',Helvetica,sans-serif; color: #ffffff; background: #bd081c no-repeat scroll 3px 50% \/ 14px 14px; position: absolute; opacity: 1; z-index: 8675309; display: none; cursor: pointer; top: 380px; left: 220px;\">Tallenna<\/span><\/p>\n<p><span style=\"border-radius: 2px; text-indent: 20px; width: auto; padding: 0px 4px 0px 0px; text-align: center; font: bold 11px\/20px 'Helvetica Neue',Helvetica,sans-serif; color: #ffffff; background: #bd081c no-repeat scroll 3px 50% \/ 14px 14px; position: absolute; opacity: 1; z-index: 8675309; display: none; cursor: pointer; top: 380px; left: 220px;\">Tallenna<\/span><\/p>\n<p><span style=\"border-radius: 2px; text-indent: 20px; width: auto; padding: 0px 4px 0px 0px; text-align: center; font: bold 11px\/20px 'Helvetica Neue',Helvetica,sans-serif; color: #ffffff; background: #bd081c no-repeat scroll 3px 50% \/ 14px 14px; position: absolute; opacity: 1; z-index: 8675309; display: none; cursor: pointer; top: 380px; left: 220px;\">Tallenna<\/span><\/p>\n<p><span style=\"border-radius: 2px; text-indent: 20px; width: auto; padding: 0px 4px 0px 0px; text-align: center; font: bold 11px\/20px 'Helvetica Neue',Helvetica,sans-serif; color: #ffffff; background: #bd081c no-repeat scroll 3px 50% \/ 14px 14px; position: absolute; opacity: 1; z-index: 8675309; display: none; cursor: pointer; top: 380px; left: 220px;\">Tallenna<\/span><\/p>\n<p><span style=\"border-radius: 2px; text-indent: 20px; width: auto; padding: 0px 4px 0px 0px; text-align: center; font: bold 11px\/20px 'Helvetica Neue',Helvetica,sans-serif; color: #ffffff; background: #bd081c no-repeat scroll 3px 50% \/ 14px 14px; position: absolute; opacity: 1; z-index: 8675309; display: none; cursor: pointer; top: 380px; left: 220px;\">Tallenna<\/span><\/p>\n<p><span style=\"border-radius: 2px; text-indent: 20px; width: auto; padding: 0px 4px 0px 0px; text-align: center; font: bold 11px\/20px 'Helvetica Neue',Helvetica,sans-serif; color: #ffffff; background: #bd081c no-repeat scroll 3px 50% \/ 14px 14px; position: absolute; opacity: 1; z-index: 8675309; display: none; cursor: pointer; top: 380px; left: 220px;\">Tallenna<\/span><\/p>\n<p><span style=\"border-radius: 2px; text-indent: 20px; width: auto; padding: 0px 4px 0px 0px; text-align: center; font: bold 11px\/20px 'Helvetica Neue',Helvetica,sans-serif; color: #ffffff; background: #bd081c no-repeat scroll 3px 50% \/ 14px 14px; position: absolute; opacity: 1; z-index: 8675309; display: none; cursor: pointer;\">Tallenna<\/span><\/p>\n<p><span style=\"border-radius: 2px; text-indent: 20px; width: auto; padding: 0px 4px 0px 0px; text-align: center; font: bold 11px\/20px 'Helvetica Neue',Helvetica,sans-serif; color: #ffffff; background: #bd081c no-repeat scroll 3px 50% \/ 14px 14px; position: absolute; opacity: 1; z-index: 8675309; display: none; cursor: pointer; top: 380px; left: 220px;\">Tallenna<\/span><\/p>\n<p><span style=\"border-radius: 2px; text-indent: 20px; width: auto; padding: 0px 4px 0px 0px; text-align: center; font: bold 11px\/20px 'Helvetica Neue',Helvetica,sans-serif; color: #ffffff; background: #bd081c no-repeat scroll 3px 50% \/ 14px 14px; position: absolute; opacity: 1; z-index: 8675309; display: none; cursor: pointer;\">Tallenna<\/span><\/p>\n<p><span style=\"border-radius: 2px; text-indent: 20px; width: auto; padding: 0px 4px 0px 0px; text-align: center; font: bold 11px\/20px 'Helvetica Neue',Helvetica,sans-serif; color: #ffffff; background: #bd081c no-repeat scroll 3px 50% \/ 14px 14px; position: absolute; opacity: 1; z-index: 8675309; display: none; cursor: pointer;\">Tallenna<\/span><\/p>\n<p><span style=\"border-radius: 2px; text-indent: 20px; width: auto; padding: 0px 4px 0px 0px; text-align: center; font: bold 11px\/20px 'Helvetica Neue',Helvetica,sans-serif; color: #ffffff; background: #bd081c no-repeat scroll 3px 50% \/ 14px 14px; position: absolute; opacity: 1; z-index: 8675309; display: none; cursor: pointer; top: 420px; left: 220px;\">Tallenna<\/span><\/p>\n<p><span style=\"border-radius: 2px; text-indent: 20px; width: auto; padding: 0px 4px 0px 0px; text-align: center; font: bold 11px\/20px 'Helvetica Neue',Helvetica,sans-serif; color: #ffffff; background: #bd081c no-repeat scroll 3px 50% \/ 14px 14px; position: absolute; opacity: 1; z-index: 8675309; display: none; cursor: pointer;\">Tallenna<\/span><\/p>\n<p><span style=\"border-radius: 2px; text-indent: 20px; width: auto; padding: 0px 4px 0px 0px; text-align: center; font: bold 11px\/20px 'Helvetica Neue',Helvetica,sans-serif; color: #ffffff; background: #bd081c no-repeat scroll 3px 50% \/ 14px 14px; position: absolute; opacity: 1; z-index: 8675309; display: none; cursor: pointer;\">Tallenna<\/span><\/p>\n<p><span style=\"border-radius: 2px; text-indent: 20px; width: auto; padding: 0px 4px 0px 0px; text-align: center; font: bold 11px\/20px 'Helvetica Neue',Helvetica,sans-serif; color: #ffffff; background: #bd081c no-repeat scroll 3px 50% \/ 14px 14px; position: absolute; opacity: 1; z-index: 8675309; display: none; cursor: pointer;\">Tallenna<\/span><\/p>\n<p><span style=\"border-radius: 2px; text-indent: 20px; width: auto; padding: 0px 4px 0px 0px; text-align: center; font: bold 11px\/20px 'Helvetica Neue',Helvetica,sans-serif; color: #ffffff; background: #bd081c no-repeat scroll 3px 50% \/ 14px 14px; position: absolute; opacity: 1; z-index: 8675309; display: none; cursor: pointer; top: 420px; left: 220px;\">Tallenna<\/span><\/p>\n<p><span style=\"border-radius: 2px; text-indent: 20px; width: auto; padding: 0px 4px 0px 0px; text-align: center; font: bold 11px\/20px 'Helvetica Neue',Helvetica,sans-serif; color: #ffffff; background: #bd081c no-repeat scroll 3px 50% \/ 14px 14px; position: absolute; opacity: 1; z-index: 8675309; display: none; cursor: pointer; top: 460px; left: 220px;\">Tallenna<\/span><\/p>\n<p><span style=\"border-radius: 2px; text-indent: 20px; width: auto; padding: 0px 4px 0px 0px; text-align: center; font: bold 11px\/20px 'Helvetica Neue',Helvetica,sans-serif; color: #ffffff; background: #bd081c no-repeat scroll 3px 50% \/ 14px 14px; position: absolute; opacity: 1; z-index: 8675309; display: none; cursor: pointer;\">Tallenna<\/span><\/p>\n","protected":false},"excerpt":{"rendered":"<p>Tervetuloa kotisivuilleni. Olen ammatiltani taidemaalari ja yritt\u00e4j\u00e4. Ty\u00f6skentelen p\u00e4\u00e4asiallisesti \u00f6ljyv\u00e4reill\u00e4, mutta maalaamisen lis\u00e4ksi my\u00f6s lyijykyn\u00e4 on minulle mieluinen v\u00e4line. Piirt\u00e4minen on oma kiehtova maailmansa ja yrit\u00e4n mahdollisuuksien mukaan l\u00f6yt\u00e4\u00e4 aikaa my\u00f6s sille. El\u00e4imet, erityisesti linnut siipineen ovat oman tiens\u00e4 kulkijoina olleet minulle merkityksellisi\u00e4 ikoneja, jonkinlaisia rajattoman vapauden symboleja jo kauan. My\u00f6s kauriita olen maalannut paljon&hellip;&nbsp;<a href=\"https:\/\/www.pikeart.com\/pieni_taulukauppa\/about\/\" rel=\"bookmark\">Read More &raquo;<span class=\"screen-reader-text\">Taide kannattaa aina<\/span><\/a><\/p>\n","protected":false},"author":1,"featured_media":0,"parent":0,"menu_order":0,"comment_status":"closed","ping_status":"closed","template":"","meta":{"neve_meta_sidebar":"","neve_meta_container":"","neve_meta_enable_content_width":"off","neve_meta_content_width":100,"neve_meta_title_alignment":"","neve_meta_author_avatar":"","neve_post_elements_order":"","neve_meta_disable_header":"","neve_meta_disable_footer":"","neve_meta_disable_title":"","neve_meta_reading_time":"","footnotes":""},"class_list":["post-2","page","type-page","status-publish","hentry"],"_links":{"self":[{"href":"https:\/\/www.pikeart.com\/pieni_taulukauppa\/wp-json\/wp\/v2\/pages\/2","targetHints":{"allow":["GET"]}}],"collection":[{"href":"https:\/\/www.pikeart.com\/pieni_taulukauppa\/wp-json\/wp\/v2\/pages"}],"about":[{"href":"https:\/\/www.pikeart.com\/pieni_taulukauppa\/wp-json\/wp\/v2\/types\/page"}],"author":[{"embeddable":true,"href":"https:\/\/www.pikeart.com\/pieni_taulukauppa\/wp-json\/wp\/v2\/users\/1"}],"replies":[{"embeddable":true,"href":"https:\/\/www.pikeart.com\/pieni_taulukauppa\/wp-json\/wp\/v2\/comments?post=2"}],"version-history":[{"count":43,"href":"https:\/\/www.pikeart.com\/pieni_taulukauppa\/wp-json\/wp\/v2\/pages\/2\/revisions"}],"predecessor-version":[{"id":2744,"href":"https:\/\/www.pikeart.com\/pieni_taulukauppa\/wp-json\/wp\/v2\/pages\/2\/revisions\/2744"}],"wp:attachment":[{"href":"https:\/\/www.pikeart.com\/pieni_taulukauppa\/wp-json\/wp\/v2\/media?parent=2"}],"curies":[{"name":"wp","href":"https:\/\/api.w.org\/{rel}","templated":true}]}}